.
26
Let x(y) = -y**3 + 30*y**2 - 5636*y + 189249. Give x(33).
-6
Let t(q) = -8*q**2 - 56*q - 302. Calculate t(-8).
-366
Let p(b) = 12*b + 1890. Determine p(-130).
330
Let x(w) = -96593*w - 8113823. What is x(-84)?
-11
Let c(o) = -7114*o + 7384325. Give c(1038).
-7
Let g(k) = 291*k**2 - 275*k + 272. Determine g(1).
288
Let o(k) = 5*k**3 - 10*k**2 - 80*k + 44. What is o(5)?
19
Let t(a) = -a**2 - 9321*a - 481962. Determine t(-52).
26
Let g(s) = -6*s**2 - 1329*s - 35737. Calculate g(-190).
173
Let r(b) = 376*b + 10378. Give r(-28).
-150
Let i(t) = -422*t - 9292. What is i(-22)?
-8
Let k(b) = 50*b**2 + 1948*b + 8238. What is k(-34)?
-194
Let d(h) = -44*h**3 - 3*h**2 + 170*h - 59. What is d(0)?
-59
Let k(z) = -4*z**2 - 124*z - 293. Determine k(-36).
-1013
Let s(w) = -w**2 - 92*w - 529. Give s(-83).
218
Let u(j) = -343*j - 1627. Determine u(-4).
-255
Let z(m) = -m**3 + 97*m**2 + 304*m - 272. Give z(100).
128
Let s(d) = 369*d + 150194. Give s(-407).
11
Let i(u) = u**3 + 140*u**2 + 2010*u + 3221. Calculate i(-124).
-3
Let t(m) = 5*m**3 + 145*m**2 + 380*m - 253. What is t(-26)?
7
Let s(p) = 112*p + 4899. Calculate s(-61).
-1933
Let c(r) = 30527*r**2 - 274728*r - 135. Determine c(9).
0
Let j(a) = 187*a**2 + 855*a - 54. Calculate j(-5).
346
Let w(v) = -42753*v + 384785. What is w(9)?
8
Let f(l) = 131535*l**2 - 131526*l - 13. Give f(1).
-4
Let j(h) = -h**3 - 239*h**2 - 4745*h + 118. Give j(-22).
-520
Let y(l) = 59*l**2 + 141*l - 765. Give y(6).
2205
Let w(q) = -4*q**3 - 55*q**2 + 6464*q + 110844. Calculate w(-18).
0
Let o(z) = -z**3 - 5*z**2 - 217*z - 640. Determine o(-3).
-7
Let n(p) = -2945*p - 55962. Give n(-19).
-7
Let t(j) = -j**3 - 695*j**2 - 13503*j - 64. Give t(-20).
-4
Let z(g) = 1104*g + 48843. Determine z(-44).
267
Let z(v) = 2*v**2 - 3520*v - 71148. What is z(-20)?
52
Let w(k) = -2*k**3 - 102*k**2 + 64*k - 2109. Determine w(-52).
-29
Let u(w) = -7010*w - 51050. Give u(-7).
-1980
Let z(r) = -r**3 - 111*r**2 + 707*r + 12. What is z(6)?
42
Let h(j) = 4*j**3 + 83*j**2 + 55*j - 232. Calculate h(-18).
2342
Let j(h) = -h**3 - h**2 - 361*h + 2230. Determine j(6).
-188
Let n(c) = -c**3 - 199*c**2 + 3020*c - 3539. Determine n(13).
-107
Let z(g) = g**3 + 20*g**2 + 195*g + 3091. Determine z(-19).
-253
Let w(q) = -q**3 + 121*q**2 + 130*q - 1062. Determine w(122).
-86
Let q(a) = 28847*a**2 - 144234*a + 1. Determine q(5).
6
Let w(p) = -2892*p + 104659. What is w(36)?
547
Let l(k) = 370*k + 42004. Calculate l(-120).
-2396
Let u(v) = -2967*v + 370871. What is u(125)?
-4
Let j(g) = 22*g**2 - 336*g - 27. Determine j(6).
-1251
Let q(d) = 2*d**3 + 153*d**2 + 1277*d. What is q(-67)?
-268
Let m(o) = 4*o + 1060. What is m(-87)?
712
Let y(q) = -2*q**2 - 351965*q + 3167847. What is y(9)?
0
Let m(g) = -6*g**2 + 498*g + 301. Calculate m(84).
-203
Let k(u) = 10*u**2 + 417*u + 2261. Calculate k(-35).
-84
Let n(p) = p**2 + 22374*p + 44749. What is n(-2)?
5
Let r(m) = -2*m**2 - 156*m - 3208. What is r(-36)?
-184
Let t(r) = 2*r**3 - 1661*r**2 + 7343*r + 75167. What is t(826)?
1
Let s(o) = -10253*o + 317976. Calculate s(31).
133
Let x(a) = 1639*a + 5052. Calculate x(-5).
-3143
Let d(g) = 298*g**3 + 14*g**2 - 32*g - 130. Determine d(-2).
-2394
Let l(d) = 3304*d + 39624. Determine l(-12).
-24
Let a(r) = 240*r + 683. What is a(4)?
1643
Let t(f) = 107*f**2 - 308*f + 621. What is t(2)?
433
Let v(x) = 166*x + 2429. Give v(-7).
1267
Let z(y) = 4*y**2 + 273*y - 83. Determine z(-68).
-151
Let u(o) = -o**3 + 323*o**2 - 6079*o + 5762. What is u(303)?
5
Let f(s) = -6*s**2 + 33*s - 78. Give f(14).
-792
Let c(h) = -36*h**2 - 2562*h - 16514. Determine c(-64).
-2
Let w(i) = 671*i + 161336. Determine w(-240).
296
Let j(c) = 762*c**2 + 2258*c - 32. What is j(-3)?
52
Let z(x) = x**3 + 11*x**2 + 93*x + 589. Calculate z(-8).
37
Let k(j) = 439*j**2 + 68*j + 142. Calculate k(-2).
1762
Let f(g) = g**3 + 61*g**2 + 233*g + 30. Calculate f(-4).
10
Let a(i) = -18*i + 1839. Give a(110).
-141
Let g(b) = -7*b**2 - 607*b - 10358. What is g(-23)?
-100
Let k(w) = -w**3 + 208*w**2 - 1411*w + 807. Determine k(201).
3
Let z(l) = 1566*l - 718787. What is z(459)?
7
Let l(b) = -3*b**2 - 572*b + 5982. Give l(10).
-38
Let w(u) = 382*u - 75321. Calculate w(196).
-449
Let i(k) = 28*k**2 + 4084*k - 763. Determine i(-146).
-179
Let q(h) = -429*h + 24532. Give q(63).
-2495
Let i(g) = 2*g**3 - 82*g**2 - 144*g + 2544. Calculate i(42).
24
Let o(a) = a**2 + 756*a - 9236. What is o(12)?
-20
Let b(l) = 239*l + 18827. What is b(-79)?
-54
Let c(r) = -r**2 + 4318*r - 1616263. What is c(414)?
-7
Let c(v) = 15*v**3 - 73*v**2 - 7*v - 8. What is c(6)?
562
Let h(z) = -3*z**2 + 193*z - 2785. What is h(25)?
165
Let f(h) = h**2 + 1411*h + 30613. Determine f(-22).
55
Let k(h) = -6689*h**2 - 1806031*h - 246. Determine k(-270).
24
Let t(q) = -208*q - 35316. Determine t(-170).
44
Let f(a) = -4*a**3 - 30*a**2 - 8*a - 50. Give f(-8).
142
Let x(s) = 26*s**2 - 57*s - 462. Determine x(-6).
816
Let l(q) = -3122*q + 40611. Give l(13).
25
Let q(h) = h**3 + 2*h**2 - h + 153. What is q(-9)?
-405
Let b(x) = -x**3 + 129*x**2 + 939*x + 1813. What is b(136)?
45
Let z(d) = 2*d**3 - 20*d**2 + 76*d - 233. Determine z(12).
1255
Let u(h) = -3013*h + 262141. What is u(87)?
10
Let y(f) = 317*f**2 - 635891*f - 22035. Determine y(2006).
31
Let l(n) = -7882*n + 7767. What is l(1)?
-115
Let b(m) = -m**2 + 927*m - 100195. What is b(125)?
55
Let r(t) = 6*t**2 - 3367*t - 9757. Calculate r(564).
-169
Let j(v) = -v**2 - 271*v + 5277. Calculate j(18).
75
Let v(i) = 9*i**2 + 507*i - 138407. Give v(99).
-5
Let i(f) = -54*f**2 - 155*f - 736. Give i(-5).
-1311
Let u(y) = y**3 - 399*y**2 + 397*y + 403. Calculate u(398).
5
Let p(i) = -161*i + 790. What is p(6)?
-176
Let a(t) = -512*t**2 + 2988*t + 509. Calculate a(6).
5
Let k(n) = -97*n**2 + 6622*n + 140. Give k(68).
1908
Let n(y) = -60*y + 1230. What is n(14)?
390
Let w(g) = 66*g**3 + 6334*g**2 - 225*g - 3165. Give w(-96).
3
Let z(b) = -2*b**3 + 70*b**2 - 590*b - 43. Determine z(13).
-277
Let k(g) = g**2 + 19353*g - 96775. Determine k(5).
15
Let h(j) = 7*j**3 + 55*j**2 - 1056*j - 31. Calculate h(9).
23
Let r(s) = -s**2 + 398*s - 7167. Determine r(379).
34
Let s(t) = -2*t**3 - 25*t**2 + 7*t + 334. What is s(-11)?
-106
Let k(u) = -2*u**3 + 36*u**2 + 91*u - 238. What is k(20)?
-18
Let k(y) = 5*y**3 + 623*y**2 + 373*y + 736. Give k(-124).
612
Let j(u) = u**2 + 30*u - 712. Determine j(14).
-96
Let n(o) = o**3 - 182*o**2 - 140*o - 7682. What is n(183)?
187
Let b(f) = -2*f**2 - 756*f - 17474. Give b(-353).
176
Let u(y) = 4*y**2 + 119*y - 1469. Calculate u(10).
121
Let n(p) = 193*p - 4751. Calculate n(27).
460
Let y(v) = v**2 - 86*v + 537. Calculate y(7).
-16
Let g(s) = 5*s**2 - 245*s - 5607. Give g(-17).
3
Let k(u) = 584256*u + 2921284. Calculate k(-5).
4
Let k(r) = -r**3 + 332*r**2 - 906*r + 190315. Calculate k(331).
-10
Let v(k) = -304*k - 49894. Determine v(-164).
-38
Let x(b) = -b**3 + 51*b**2 + 89*b - 3461. Determine x(8).
3
Let i(r) = -61*r - 281. Give i(-10).
329
Let f(u) = u**3 + 66*u**2 - 49*u - 3232. Determine f(-66).
2
Let n(b) = -2227*b + 345179. Calculate n(155).
-6
Let f(u) = -857*u - 3304. Give f(-3).
-733
Let w(r) = 8*r**3 - 252*r**2 - 116*r - 258. Calculate w(32).
126
Let j(m) = -3*m**3 - 97*m**2 + 2108*m + 67389. Calculate j(-33).
3
Let l(k) = k**2 + 2574*k + 365861. Determine l(-151).
-12
Let v(p) = 2558545*p + 17909812. What is v(-7)?
-3
Let p(u) = u**3 - 13*u**2 - 350*u + 421. Give p(26).
109
Let h(s) = 209*s + 13214. What is h(-62)?
256
Let z(q) = 20*q**3 + 25*q**2 - 63*q - 85. What is z(4)?
1343
Let v(y) = 4*y**3 - 365*y**2 + 83*y + 632. Give v(91).
-96
Let g(h) = 29434*h + 1118498. Determine g(-38).
6
Let z(i) = -i**2 - 153*i - 1066. Determine z(-144).
230
Let a(l) = -2*l**3 + 300*l**2 - 15*l + 1856. Give a(150).
-394
Let y(q) = -21075*q - 273988. What is y(-13)?
-13
Let y(b) = -b**3 + 297*b**2 - 1379*b + 60657. Give y(293).
6
Let c(t) = -t**3 - 37*t**2 - 80*t + 718. What is c(-7)?
-192
Let d(r) = r**3 - 5*r**2 - 12*r - 18. Determine d(7).
-4
Let o(x) = -1218*x + 21919. Calculate o(19).
-1223
Let o(w) = w**2 - 6115*w + 42904. What is o(7)?
148
Let k(b) = -b**3 - 161*b**2 - 6440*b + 887. Give k(-86).
27
Let p(c) = 218*c - 8155. Calculate p(39).
347
Let b(z) = -z**2 - 33*z + 15871. Give b(105).
1381
Let o(l) 